{"id":140,"date":"2023-01-31T17:13:03","date_gmt":"2023-01-31T16:13:03","guid":{"rendered":"https:\/\/zen2050.mqportails.online\/?page_id=140"},"modified":"2023-01-31T17:25:35","modified_gmt":"2023-01-31T16:25:35","slug":"les-balades-thermiques","status":"publish","type":"page","link":"https:\/\/zen2050.mqportails.online\/index.php\/les-projets\/les-balades-thermiques\/","title":{"rendered":"Les balades thermiques"},"content":{"rendered":"\n<div class=\"wp-block-media-text alignwide has-media-on-the-right is-stacked-on-mobile\" style=\"grid-template-columns:auto 15%\"><div class=\"wp-block-media-text__content\">\n<p>G\u00e2ce \u00e0 une cam\u00e9ra thermique achet\u00e9e par notre association, vous pourrez visualiser les pertes thermiques des b\u00e2timents, lors d'une balade effectu\u00e9e de nuit et de pr\u00e9f\u00e9rence en hiver. Inscrivez-vous \u00e0 une s\u00e9ance programm\u00e9e et vous effectuerez une promenade dans votre quartier en enregistrant les donn\u00e9es. Un petit rapport vous sera ensuite remis et vous pourrez \u00e9changer en groupe sur les solutions disponibles.<\/p>\n<\/div><figure class=\"wp-block-media-text__media\"><img decoding=\"async\" width=\"295\" height=\"598\" src=\"https:\/\/i0.wp.com\/zen2050.mqportails.online\/wp-content\/uploads\/2023\/01\/camera-thermique.jpg?resize=295%2C598&#038;ssl=1\" alt=\"\" class=\"wp-image-134 size-full\" srcset=\"https:\/\/i0.wp.com\/zen2050.mqportails.online\/wp-content\/uploads\/2023\/01\/camera-thermique.jpg?w=295&amp;ssl=1 295w, https:\/\/i0.wp.com\/zen2050.mqportails.online\/wp-content\/uploads\/2023\/01\/camera-thermique.jpg?resize=148%2C300&amp;ssl=1 148w\" sizes=\"(max-width: 295px) 100vw, 295px\" data-recalc-dims=\"1\" \/><\/figure><\/div>\n\n\n\n<div class=\"is-layout-flex wp-container-3 wp-block-columns\">\n<div class=\"is-layout-flow wp-block-column\">\n<figure class=\"wp-block-image size-full is-resized\"><img decoding=\"async\" src=\"https:\/\/i0.wp.com\/zen2050.mqportails.online\/wp-content\/uploads\/2023\/01\/chaleur.jpg?resize=384%2C317&#038;ssl=1\" alt=\"\" class=\"wp-image-136\" width=\"384\" height=\"317\" srcset=\"https:\/\/i0.wp.com\/zen2050.mqportails.online\/wp-content\/uploads\/2023\/01\/chaleur.jpg?w=431&amp;ssl=1 431w, https:\/\/i0.wp.com\/zen2050.mqportails.online\/wp-content\/uploads\/2023\/01\/chaleur.jpg?resize=300%2C248&amp;ssl=1 300w\" sizes=\"(max-width: 384px) 100vw, 384px\" data-recalc-dims=\"1\" \/><\/figure>\n<\/div>\n\n\n\n<div class=\"is-layout-flow wp-block-column\">\n<figure class=\"wp-block-image size-full\"><img decoding=\"async\" width=\"931\" height=\"659\" src=\"https:\/\/i0.wp.com\/zen2050.mqportails.online\/wp-content\/uploads\/2023\/01\/maison.jpg?resize=931%2C659&#038;ssl=1\" alt=\"\" class=\"wp-image-137\" srcset=\"https:\/\/i0.wp.com\/zen2050.mqportails.online\/wp-content\/uploads\/2023\/01\/maison.jpg?w=931&amp;ssl=1 931w, https:\/\/i0.wp.com\/zen2050.mqportails.online\/wp-content\/uploads\/2023\/01\/maison.jpg?resize=300%2C212&amp;ssl=1 300w, https:\/\/i0.wp.com\/zen2050.mqportails.online\/wp-content\/uploads\/2023\/01\/maison.jpg?resize=768%2C544&amp;ssl=1 768w, https:\/\/i0.wp.com\/zen2050.mqportails.online\/wp-content\/uploads\/2023\/01\/maison.jpg?resize=600%2C425&amp;ssl=1 600w\" sizes=\"(max-width: 931px) 100vw, 931px\" data-recalc-dims=\"1\" \/><\/figure>\n<\/div>\n<\/div>\n\n\n\n<div style=\"padding:56.25% 0 0 0;position:relative;\"><iframe src=\"https:\/\/player.vimeo.com\/video\/794486410?h=2acd2d5748&amp;badge=0&amp;autopause=0&amp;player_id=0&amp;app_id=58479\" frameborder=\"0\" allow=\"autoplay; fullscreen; picture-in-picture\" allowfullscreen style=\"position:absolute;top:0;left:0;width:100%;height:100%;\" title=\"Video-invitation-balade-60-fps.mp4\"><\/iframe><\/div><script src=\"https:\/\/player.vimeo.com\/api\/player.js\"><\/script>\n","protected":false},"excerpt":{"rendered":"<p>G\u00e2ce \u00e0 une cam\u00e9ra thermique achet\u00e9e par notre association, vous pourrez visualiser les pertes thermiques des b\u00e2timents, lors d'une balade effectu\u00e9e de nuit et de pr\u00e9f\u00e9rence en hiver. Inscrivez-vous \u00e0 une s\u00e9ance programm\u00e9e et vous effectuerez une promenade dans votre quartier en enregistrant les donn\u00e9es. Un petit rapport vous sera ensuite remis et vous pourrez [&hellip;]<\/p>\n","protected":false},"author":1,"featured_media":0,"parent":44,"menu_order":1,"comment_status":"closed","ping_status":"closed","template":"","meta":[],"jetpack-related-posts":[{"id":359,"url":"https:\/\/zen2050.mqportails.online\/index.php\/espace-abonnes\/gt-balades-thermiques\/","url_meta":{"origin":140,"position":0},"title":"GT Balades thermiques","date":"27\/02\/2023","format":false,"excerpt":"Groupe \u00e0 acc\u00e8s restreint Prochaines r\u00e9unions \u00e0 compl\u00e9ter Documents Les documents finalis\u00e9s sont disponibles ici. On peut mettre beaucoup de types de docs, mais en lecture seule, exemple avec Powerpoint. Par contre, attention au volume et au temps de chargement initial. On peut aussi user et abuser des liens vers\u2026","rel":"","context":"Article similaire","img":{"alt_text":"","src":"","width":0,"height":0},"classes":[]},{"id":44,"url":"https:\/\/zen2050.mqportails.online\/index.php\/les-projets\/","url_meta":{"origin":140,"position":1},"title":"Nos projets","date":"18\/01\/2023","format":false,"excerpt":"Notre association Zen 2050 porte actuellement plusieurs projets. La cam\u00e9ra thermique Sous forme de balade dans votre quartier, observez les fuites thermiques de votre logement et des autres b\u00e2timents. Un bilan global sera pr\u00e9sent\u00e9 le 13 Mai 2023. Des pistes sur les plans d'action possibles seront d\u00e9battues et propos\u00e9es Le\u2026","rel":"","context":"Article similaire","img":{"alt_text":"","src":"https:\/\/i0.wp.com\/zen2050.mqportails.online\/wp-content\/uploads\/2023\/02\/geothermeie1.jpg?resize=350%2C200&ssl=1","width":350,"height":200},"classes":[]},{"id":8,"url":"https:\/\/zen2050.mqportails.online\/index.php\/blog\/","url_meta":{"origin":140,"position":2},"title":"Nos \u00e9v\u00e8nements","date":"12\/01\/2023","format":false,"excerpt":"Journ\u00e9e du 13 mai L'\u00e9v\u00e8nement phare de notre premier semestre est l'organisation des journ\u00e9es de la transition et particuli\u00e8rement de la journ\u00e9e du 13 mai 2023. De nombreuses animations vous sont propos\u00e9es,l'occasion id\u00e9ale pour d\u00e9couvrir diff\u00e9rents sujets \u00e0 travers des contacts avec les associations ou les institutions pr\u00e9sentes. Et une\u2026","rel":"","context":"Article similaire","img":{"alt_text":"","src":"","width":0,"height":0},"classes":[]},{"id":42,"url":"https:\/\/zen2050.mqportails.online\/index.php\/lassociation\/","url_meta":{"origin":140,"position":3},"title":"Nos actions","date":"18\/01\/2023","format":false,"excerpt":"Zen 2050, c'est Z\u00e9ro Emmision Nette de gazs \u00e0 effet se serre ne 2050. C'est un engagement de l'Union Europ\u00e9enne et de l'ONU. Zen2050maintenant est une association originaire du 92, pr\u00e9cis\u00e9ment de la communaut\u00e9 d'agglom\u00e9rations Vall\u00e9e Sud Grand Paris. Nous d\u00e9fendons des projets concrets, locaux en coh\u00e9rence avec les actions\u2026","rel":"","context":"Article similaire","img":{"alt_text":"","src":"","width":0,"height":0},"classes":[]},{"id":6,"url":"https:\/\/zen2050.mqportails.online\/","url_meta":{"origin":140,"position":4},"title":"Notre mission","date":"12\/01\/2023","format":false,"excerpt":"La journ\u00e9e du 13 Mai 2023 \u00e0 Sceaux sera l'occasion pour vous de nous conna\u00eetre mieux, de rencontrer de nombreuses associations partenaires et de participer aux C\u00e9l\u00e8bres Fresques du Climat, du Num\u00e9rique et de la Mobilit\u00e9. Inscrivez-vous Zen 2050 maintenant D\u00e9carboner notre mode de vie Contribuer de mani\u00e8re significative \u00e0\u2026","rel":"","context":"Article similaire","img":{"alt_text":"","src":"https:\/\/i0.wp.com\/zen2050.mqportails.online\/wp-content\/uploads\/2023\/02\/capt1.jpg?resize=350%2C200&ssl=1","width":350,"height":200},"classes":[]},{"id":149,"url":"https:\/\/zen2050.mqportails.online\/index.php\/les-projets\/les-partenariats-avec-lenseignement\/","url_meta":{"origin":140,"position":5},"title":"Les partenariats avec l'enseignement","date":"31\/01\/2023","format":false,"excerpt":"Avec le groupe scolaire Marie-Curie, ZEN 2050 Maintenant a men\u00e9 le projet \u00ab\u00a0Ces thermies qui nous \u00e9chappent\u00a0\u00bb. Nous avons mis \u00e0 disposition de l\u2019\u00e9quipe de sciences la cam\u00e9ra infra-rouge, ce qui a permis au \u00e9l\u00e8ves de l\u2019ensemble des classes de premi\u00e8res scientifiques de travailler sur les pertes thermiques. Ce fut\u2026","rel":"","context":"Article similaire","img":{"alt_text":"","src":"https:\/\/i0.wp.com\/zen2050.mqportails.online\/wp-content\/uploads\/2023\/01\/epf.jpg?resize=350%2C200&ssl=1","width":350,"height":200},"classes":[]}],"_links":{"self":[{"href":"https:\/\/zen2050.mqportails.online\/index.php\/wp-json\/wp\/v2\/pages\/140"}],"collection":[{"href":"https:\/\/zen2050.mqportails.online\/index.php\/wp-json\/wp\/v2\/pages"}],"about":[{"href":"https:\/\/zen2050.mqportails.online\/index.php\/wp-json\/wp\/v2\/types\/page"}],"author":[{"embeddable":true,"href":"https:\/\/zen2050.mqportails.online\/index.php\/wp-json\/wp\/v2\/users\/1"}],"replies":[{"embeddable":true,"href":"https:\/\/zen2050.mqportails.online\/index.php\/wp-json\/wp\/v2\/comments?post=140"}],"version-history":[{"count":3,"href":"https:\/\/zen2050.mqportails.online\/index.php\/wp-json\/wp\/v2\/pages\/140\/revisions"}],"predecessor-version":[{"id":148,"href":"https:\/\/zen2050.mqportails.online\/index.php\/wp-json\/wp\/v2\/pages\/140\/revisions\/148"}],"up":[{"embeddable":true,"href":"https:\/\/zen2050.mqportails.online\/index.php\/wp-json\/wp\/v2\/pages\/44"}],"wp:attachment":[{"href":"https:\/\/zen2050.mqportails.online\/index.php\/wp-json\/wp\/v2\/media?parent=140"}],"curies":[{"name":"wp","href":"https:\/\/api.w.org\/{rel}","templated":true}]}}

<div class="wp-block-media-text alignwide has-media-on-the-right is-stacked-on-mobile" style="grid-template-columns:auto 15%"><div class="wp-block-media-text__content">
<p>Gâce à une caméra thermique achetée par notre association, vous pourrez visualiser les pertes thermiques des bâtiments, lors d'une balade effectuée de nuit et de préférence en hiver. Inscrivez-vous à une séance programmée et vous effectuerez une promenade dans votre quartier en enregistrant les données. Un petit rapport vous sera ensuite remis et vous pourrez échanger en groupe sur les solutions disponibles.</p>
</div><figure class="wp-block-media-text__media"><img decoding="async" width="295" height="598" src="https://i0.wp.com/zen2050.mqportails.online/wp-content/uploads/2023/01/camera-thermique.jpg?resize=295%2C598&#038;ssl=1" alt="" class="wp-image-134 size-full" srcset="https://i0.wp.com/zen2050.mqportails.online/wp-content/uploads/2023/01/camera-thermique.jpg?w=295&amp;ssl=1 295w, https://i0.wp.com/zen2050.mqportails.online/wp-content/uploads/2023/01/camera-thermique.jpg?resize=148%2C300&amp;ssl=1 148w" sizes="(max-width: 295px) 100vw, 295px" data-recalc-dims="1" /></figure></div>



<div class="is-layout-flex wp-container-3 wp-block-columns">
<div class="is-layout-flow wp-block-column">
<figure class="wp-block-image size-full is-resized"><img decoding="async" src="https://i0.wp.com/zen2050.mqportails.online/wp-content/uploads/2023/01/chaleur.jpg?resize=384%2C317&#038;ssl=1" alt="" class="wp-image-136" width="384" height="317" srcset="https://i0.wp.com/zen2050.mqportails.online/wp-content/uploads/2023/01/chaleur.jpg?w=431&amp;ssl=1 431w, https://i0.wp.com/zen2050.mqportails.online/wp-content/uploads/2023/01/chaleur.jpg?resize=300%2C248&amp;ssl=1 300w" sizes="(max-width: 384px) 100vw, 384px" data-recalc-dims="1" /></figure>
</div>



<div class="is-layout-flow wp-block-column">
<figure class="wp-block-image size-full"><img decoding="async" width="931" height="659" src="https://i0.wp.com/zen2050.mqportails.online/wp-content/uploads/2023/01/maison.jpg?resize=931%2C659&#038;ssl=1" alt="" class="wp-image-137" srcset="https://i0.wp.com/zen2050.mqportails.online/wp-content/uploads/2023/01/maison.jpg?w=931&amp;ssl=1 931w, https://i0.wp.com/zen2050.mqportails.online/wp-content/uploads/2023/01/maison.jpg?resize=300%2C212&amp;ssl=1 300w, https://i0.wp.com/zen2050.mqportails.online/wp-content/uploads/2023/01/maison.jpg?resize=768%2C544&amp;ssl=1 768w, https://i0.wp.com/zen2050.mqportails.online/wp-content/uploads/2023/01/maison.jpg?resize=600%2C425&amp;ssl=1 600w" sizes="(max-width: 931px) 100vw, 931px" data-recalc-dims="1" /></figure>
</div>
</div>



<div style="padding:56.25% 0 0 0;position:relative;"><iframe src="https://player.vimeo.com/video/794486410?h=2acd2d5748&amp;badge=0&amp;autopause=0&amp;player_id=0&amp;app_id=58479" frameborder="0" allow="autoplay; fullscreen; picture-in-picture" allowfullscreen style="position:absolute;top:0;left:0;width:100%;height:100%;" title="Video-invitation-balade-60-fps.mp4"></iframe></div><script src="https://player.vimeo.com/api/player.js"></script>

<p>Gâce à une caméra thermique achetée par notre association, vous pourrez visualiser les pertes thermiques des bâtiments, lors d'une balade effectuée de nuit et de préférence en hiver. Inscrivez-vous à une séance programmée et vous effectuerez une promenade dans votre quartier en enregistrant les données. Un petit rapport vous sera ensuite remis et vous pourrez [&hellip;]</p>

Groupe à accès restreint Prochaines réunions à compléter Documents Les documents finalisés sont disponibles ici. On peut mettre beaucoup de types de docs, mais en lecture seule, exemple avec Powerpoint. Par contre, attention au volume et au temps de chargement initial. On peut aussi user et abuser des liens vers…

Notre association Zen 2050 porte actuellement plusieurs projets. La caméra thermique Sous forme de balade dans votre quartier, observez les fuites thermiques de votre logement et des autres bâtiments. Un bilan global sera présenté le 13 Mai 2023. Des pistes sur les plans d'action possibles seront débattues et proposées Le…

Nos évènements

Journée du 13 mai L'évènement phare de notre premier semestre est l'organisation des journées de la transition et particulièrement de la journée du 13 mai 2023. De nombreuses animations vous sont proposées,l'occasion idéale pour découvrir différents sujets à travers des contacts avec les associations ou les institutions présentes. Et une…

Zen 2050, c'est Zéro Emmision Nette de gazs à effet se serre ne 2050. C'est un engagement de l'Union Européenne et de l'ONU. Zen2050maintenant est une association originaire du 92, précisément de la communauté d'agglomérations Vallée Sud Grand Paris. Nous défendons des projets concrets, locaux en cohérence avec les actions…

La journée du 13 Mai 2023 à Sceaux sera l'occasion pour vous de nous connaître mieux, de rencontrer de nombreuses associations partenaires et de participer aux Célèbres Fresques du Climat, du Numérique et de la Mobilité. Inscrivez-vous Zen 2050 maintenant Décarboner notre mode de vie Contribuer de manière significative à…

Avec le groupe scolaire Marie-Curie, ZEN 2050 Maintenant a mené le projet « Ces thermies qui nous échappent ». Nous avons mis à disposition de l’équipe de sciences la caméra infra-rouge, ce qui a permis au élèves de l’ensemble des classes de premières scientifiques de travailler sur les pertes thermiques. Ce fut…
