{"id":149,"date":"2023-01-31T17:59:27","date_gmt":"2023-01-31T16:59:27","guid":{"rendered":"https:\/\/zen2050.mqportails.online\/?page_id=149"},"modified":"2023-01-31T18:13:37","modified_gmt":"2023-01-31T17:13:37","slug":"les-partenariats-avec-lenseignement","status":"publish","type":"page","link":"https:\/\/zen2050.mqportails.online\/index.php\/les-projets\/les-partenariats-avec-lenseignement\/","title":{"rendered":"Les partenariats avec l'enseignement"},"content":{"rendered":"\n<div class=\"wp-block-media-text alignwide is-stacked-on-mobile\" style=\"grid-template-columns:15% auto\"><figure class=\"wp-block-media-text__media\"><img decoding=\"async\" width=\"205\" height=\"373\" src=\"https:\/\/i0.wp.com\/zen2050.mqportails.online\/wp-content\/uploads\/2023\/01\/mc.jpg?resize=205%2C373&#038;ssl=1\" alt=\"\" class=\"wp-image-158 size-full\" srcset=\"https:\/\/i0.wp.com\/zen2050.mqportails.online\/wp-content\/uploads\/2023\/01\/mc.jpg?w=205&amp;ssl=1 205w, https:\/\/i0.wp.com\/zen2050.mqportails.online\/wp-content\/uploads\/2023\/01\/mc.jpg?resize=165%2C300&amp;ssl=1 165w\" sizes=\"(max-width: 205px) 100vw, 205px\" data-recalc-dims=\"1\" \/><\/figure><div class=\"wp-block-media-text__content\">\n<p>Avec le groupe scolaire Marie-Curie, ZEN 2050 Maintenant a men\u00e9 le projet \u00ab&nbsp;Ces thermies qui nous \u00e9chappent&nbsp;\u00bb. Nous avons mis \u00e0 disposition de l\u2019\u00e9quipe de sciences la cam\u00e9ra infra-rouge, ce qui a permis au \u00e9l\u00e8ves de l\u2019ensemble des classes de premi\u00e8res scientifiques de travailler sur les pertes thermiques.<\/p>\n\n\n\n<p>Ce fut une exp\u00e9rience pour les lyc\u00e9ens gr\u00e2ce \u00e0 laquelle, ils sont per\u00e7us l\u2019invisible de mani\u00e8re visible via la cam\u00e9ra. Ils ont pu prendre de la distance&nbsp;vis \u00e0 vis de la perception du monde que leur donnent leurs seuls sens. Ils pourront enrichir leur appr\u00e9hension de celui-ci dans le cadre du projet \u00ab&nbsp;un bilan carbone pour mon campus&nbsp;\u00bb. Car nous avons pour ambition de voir \u00e9tabli un bilan carbone de l\u2019\u00e9tablissement, ce en partenariat et l\u2019aide des associations Avenir climatique et Educlimat.&nbsp;Accompagn\u00e9es par leurs&nbsp;professeurs,&nbsp;deux classes de terminales devraient \u00eatre mobilis\u00e9es d\u00e8s la rentr\u00e9e&nbsp;prochaine.<\/p>\n<\/div><\/div>\n\n\n\n<div class=\"wp-block-media-text alignwide has-media-on-the-right is-stacked-on-mobile\" style=\"grid-template-columns:auto 22%\"><div class=\"wp-block-media-text__content\">\n<p>Avec l\u2019EPF, dans le cadre du dispositif \u00ab&nbsp;Engagements citoyens&nbsp;\u00bb nous avons pu accueillir en stage 6 \u00e9l\u00e8ves (4 l\u2019\u00e9t\u00e9 dernier, 2 actuellement), accueil mutuellement&nbsp;fructueux.<\/p>\n\n\n\n<p>Dans le cadre du projet \u00ab&nbsp;un bilan carbone pour mon campus&nbsp;\u00bb, nous avons en pr\u00e9paration&nbsp;l\u2019accompagnement sur un semestre de six \u00e9l\u00e8ves de Montpellier de septembre prochain \u00e0 janvier 2023, ce afin d\u2019\u00e9tablir un bilan carbone du site de Cachan et de comparer ce bilan sur des postes cl\u00e9s avec celui de l\u2019ancien site de Sceaux (le d\u00e9m\u00e9nagement d\u2019un site aux b\u00e2timents anciens et mal isol\u00e9s, chauff\u00e9s aux \u00e9nergies&nbsp;fossiles, vers un site&nbsp;r\u00e9nov\u00e9, aliment\u00e9 en chaleur g\u00e9othermale ne manquera de permettre de actions de sensibilisation, de mise en avant des approches vertueuses). Il s\u2019agira aussi de travailler sur une proposition de plan d\u2019action de r\u00e9duction des \u00e9missions de GES par l\u2019\u00e9tablissement.<\/p>\n<\/div><figure class=\"wp-block-media-text__media\"><img decoding=\"async\" width=\"741\" height=\"609\" src=\"https:\/\/i0.wp.com\/zen2050.mqportails.online\/wp-content\/uploads\/2023\/01\/epf.jpg?resize=741%2C609&#038;ssl=1\" alt=\"\" class=\"wp-image-159 size-full\" srcset=\"https:\/\/i0.wp.com\/zen2050.mqportails.online\/wp-content\/uploads\/2023\/01\/epf.jpg?w=741&amp;ssl=1 741w, https:\/\/i0.wp.com\/zen2050.mqportails.online\/wp-content\/uploads\/2023\/01\/epf.jpg?resize=300%2C247&amp;ssl=1 300w, https:\/\/i0.wp.com\/zen2050.mqportails.online\/wp-content\/uploads\/2023\/01\/epf.jpg?resize=600%2C493&amp;ssl=1 600w\" sizes=\"(max-width: 741px) 100vw, 741px\" data-recalc-dims=\"1\" \/><\/figure><\/div>\n\n\n\n<div class=\"wp-block-media-text alignwide is-stacked-on-mobile\" style=\"grid-template-columns:29% auto\"><figure class=\"wp-block-media-text__media\"><img decoding=\"async\" width=\"775\" height=\"174\" src=\"https:\/\/i0.wp.com\/zen2050.mqportails.online\/wp-content\/uploads\/2023\/01\/iut.jpg?resize=775%2C174&#038;ssl=1\" alt=\"\" class=\"wp-image-160 size-full\" srcset=\"https:\/\/i0.wp.com\/zen2050.mqportails.online\/wp-content\/uploads\/2023\/01\/iut.jpg?w=775&amp;ssl=1 775w, https:\/\/i0.wp.com\/zen2050.mqportails.online\/wp-content\/uploads\/2023\/01\/iut.jpg?resize=300%2C67&amp;ssl=1 300w, https:\/\/i0.wp.com\/zen2050.mqportails.online\/wp-content\/uploads\/2023\/01\/iut.jpg?resize=768%2C172&amp;ssl=1 768w, https:\/\/i0.wp.com\/zen2050.mqportails.online\/wp-content\/uploads\/2023\/01\/iut.jpg?resize=600%2C135&amp;ssl=1 600w\" sizes=\"(max-width: 775px) 100vw, 775px\" data-recalc-dims=\"1\" \/><\/figure><div class=\"wp-block-media-text__content\">\n<p>Avec l\u2019IUT, ZEN 2050 Maintenant a pr\u00e9par\u00e9 l\u2019\u00e9v\u00e9nement \u00ab&nbsp;Bienvenue vers Net Z\u00e9ro 2050 !&nbsp;\u00bb. Un groupe de quatre stagiaires nous a rejoint pour faire de cette premi\u00e8re \u00e9dition un succ\u00e8s et qu\u2019elle donne envie \u00e0 chacun d\u2019une deuxi\u00e8me \u00e9dition en mai 2023.<\/p>\n\n\n\n<p>Une deuxi\u00e8me \u00e9dition encore plus riche de partages, de mise en mouvement vers la d\u00e9carbonation de nos modes de vie.Avec la direction de l\u2019\u00e9tablissement nous avons d\u00e9j\u00e0 pris langue pour une contribution de notre association, d\u00e8s la rentr\u00e9e&nbsp;prochaine, au dispositif interne d\u2019\u00e9ducation au d\u00e9veloppement durable des \u00e9l\u00e8ves.<\/p>\n<\/div><\/div>\n","protected":false},"excerpt":{"rendered":"<p>Avec le groupe scolaire Marie-Curie, ZEN 2050 Maintenant a men\u00e9 le projet \u00ab&nbsp;Ces thermies qui nous \u00e9chappent&nbsp;\u00bb. Nous avons mis \u00e0 disposition de l\u2019\u00e9quipe de sciences la cam\u00e9ra infra-rouge, ce qui a permis au \u00e9l\u00e8ves de l\u2019ensemble des classes de premi\u00e8res scientifiques de travailler sur les pertes thermiques. Ce fut une exp\u00e9rience pour les lyc\u00e9ens [&hellip;]<\/p>\n","protected":false},"author":1,"featured_media":0,"parent":44,"menu_order":2,"comment_status":"closed","ping_status":"closed","template":"","meta":[],"jetpack-related-posts":[{"id":140,"url":"https:\/\/zen2050.mqportails.online\/index.php\/les-projets\/les-balades-thermiques\/","url_meta":{"origin":149,"position":0},"title":"Les balades thermiques","date":"31\/01\/2023","format":false,"excerpt":"G\u00e2ce \u00e0 une cam\u00e9ra thermique achet\u00e9e par notre association, vous pourrez visualiser les pertes thermiques des b\u00e2timents, lors d'une balade effectu\u00e9e de nuit et de pr\u00e9f\u00e9rence en hiver. Inscrivez-vous \u00e0 une s\u00e9ance programm\u00e9e et vous effectuerez une promenade dans votre quartier en enregistrant les donn\u00e9es. Un petit rapport vous sera\u2026","rel":"","context":"Article similaire","img":{"alt_text":"","src":"https:\/\/i0.wp.com\/zen2050.mqportails.online\/wp-content\/uploads\/2023\/01\/chaleur.jpg?resize=350%2C200&ssl=1","width":350,"height":200},"classes":[]},{"id":6,"url":"https:\/\/zen2050.mqportails.online\/","url_meta":{"origin":149,"position":1},"title":"Notre mission","date":"12\/01\/2023","format":false,"excerpt":"La journ\u00e9e du 13 Mai 2023 \u00e0 Sceaux sera l'occasion pour vous de nous conna\u00eetre mieux, de rencontrer de nombreuses associations partenaires et de participer aux C\u00e9l\u00e8bres Fresques du Climat, du Num\u00e9rique et de la Mobilit\u00e9. Inscrivez-vous Zen 2050 maintenant D\u00e9carboner notre mode de vie Contribuer de mani\u00e8re significative \u00e0\u2026","rel":"","context":"Article similaire","img":{"alt_text":"","src":"https:\/\/i0.wp.com\/zen2050.mqportails.online\/wp-content\/uploads\/2023\/02\/capt1.jpg?resize=350%2C200&ssl=1","width":350,"height":200},"classes":[]},{"id":44,"url":"https:\/\/zen2050.mqportails.online\/index.php\/les-projets\/","url_meta":{"origin":149,"position":2},"title":"Nos projets","date":"18\/01\/2023","format":false,"excerpt":"Notre association Zen 2050 porte actuellement plusieurs projets. La cam\u00e9ra thermique Sous forme de balade dans votre quartier, observez les fuites thermiques de votre logement et des autres b\u00e2timents. Un bilan global sera pr\u00e9sent\u00e9 le 13 Mai 2023. Des pistes sur les plans d'action possibles seront d\u00e9battues et propos\u00e9es Le\u2026","rel":"","context":"Article similaire","img":{"alt_text":"","src":"https:\/\/i0.wp.com\/zen2050.mqportails.online\/wp-content\/uploads\/2023\/02\/geothermeie1.jpg?resize=350%2C200&ssl=1","width":350,"height":200},"classes":[]},{"id":170,"url":"https:\/\/zen2050.mqportails.online\/index.php\/les-projets\/le-projet-de-geothermie-vallee-sud\/","url_meta":{"origin":149,"position":3},"title":"Le projet de g\u00e9othermie Vall\u00e9e Sud","date":"02\/02\/2023","format":false,"excerpt":"\"De l\u2019eau chaude sous nos pieds\u2026\" Sous l\u2019\u00cele de France,LE DOGGER,Une couche de craie satur\u00e9eEN EAU CHAUDE Il suffit de creuser \u00e0 1800 m ! Il reste \"sous\" Bourg la reine, Fontenay aux Roses et Sceaux de la place pour d\u00e9ployer un r\u00e9seau de chaleur g\u00e9othermale Convaincre de lancer une\u2026","rel":"","context":"Article similaire","img":{"alt_text":"","src":"https:\/\/i0.wp.com\/zen2050.mqportails.online\/wp-content\/uploads\/2023\/02\/geothermeie1.jpg?resize=350%2C200&ssl=1","width":350,"height":200},"classes":[]},{"id":3,"url":"https:\/\/zen2050.mqportails.online\/index.php\/politique-de-confidentialite\/","url_meta":{"origin":149,"position":4},"title":"Politique de confidentialit\u00e9","date":"12\/01\/2023","format":false,"excerpt":"Qui sommes-nous\u00a0? L\u2019adresse de notre site est\u00a0: https:\/\/zen2050.mqportails.online. Commentaires Quand vous laissez un commentaire sur notre site, les donn\u00e9es inscrites dans le formulaire de commentaire, ainsi que votre adresse IP et l\u2019agent utilisateur de votre navigateur sont collect\u00e9s pour nous aider \u00e0 la d\u00e9tection des commentaires ind\u00e9sirables. Une cha\u00eene anonymis\u00e9e\u2026","rel":"","context":"Article similaire","img":{"alt_text":"","src":"","width":0,"height":0},"classes":[]},{"id":42,"url":"https:\/\/zen2050.mqportails.online\/index.php\/lassociation\/","url_meta":{"origin":149,"position":5},"title":"Nos actions","date":"18\/01\/2023","format":false,"excerpt":"Zen 2050, c'est Z\u00e9ro Emmision Nette de gazs \u00e0 effet se serre ne 2050. C'est un engagement de l'Union Europ\u00e9enne et de l'ONU. Zen2050maintenant est une association originaire du 92, pr\u00e9cis\u00e9ment de la communaut\u00e9 d'agglom\u00e9rations Vall\u00e9e Sud Grand Paris. Nous d\u00e9fendons des projets concrets, locaux en coh\u00e9rence avec les actions\u2026","rel":"","context":"Article similaire","img":{"alt_text":"","src":"","width":0,"height":0},"classes":[]}],"_links":{"self":[{"href":"https:\/\/zen2050.mqportails.online\/index.php\/wp-json\/wp\/v2\/pages\/149"}],"collection":[{"href":"https:\/\/zen2050.mqportails.online\/index.php\/wp-json\/wp\/v2\/pages"}],"about":[{"href":"https:\/\/zen2050.mqportails.online\/index.php\/wp-json\/wp\/v2\/types\/page"}],"author":[{"embeddable":true,"href":"https:\/\/zen2050.mqportails.online\/index.php\/wp-json\/wp\/v2\/users\/1"}],"replies":[{"embeddable":true,"href":"https:\/\/zen2050.mqportails.online\/index.php\/wp-json\/wp\/v2\/comments?post=149"}],"version-history":[{"count":2,"href":"https:\/\/zen2050.mqportails.online\/index.php\/wp-json\/wp\/v2\/pages\/149\/revisions"}],"predecessor-version":[{"id":161,"href":"https:\/\/zen2050.mqportails.online\/index.php\/wp-json\/wp\/v2\/pages\/149\/revisions\/161"}],"up":[{"embeddable":true,"href":"https:\/\/zen2050.mqportails.online\/index.php\/wp-json\/wp\/v2\/pages\/44"}],"wp:attachment":[{"href":"https:\/\/zen2050.mqportails.online\/index.php\/wp-json\/wp\/v2\/media?parent=149"}],"curies":[{"name":"wp","href":"https:\/\/api.w.org\/{rel}","templated":true}]}}

<div class="wp-block-media-text alignwide is-stacked-on-mobile" style="grid-template-columns:15% auto"><figure class="wp-block-media-text__media"><img decoding="async" width="205" height="373" src="https://i0.wp.com/zen2050.mqportails.online/wp-content/uploads/2023/01/mc.jpg?resize=205%2C373&#038;ssl=1" alt="" class="wp-image-158 size-full" srcset="https://i0.wp.com/zen2050.mqportails.online/wp-content/uploads/2023/01/mc.jpg?w=205&amp;ssl=1 205w, https://i0.wp.com/zen2050.mqportails.online/wp-content/uploads/2023/01/mc.jpg?resize=165%2C300&amp;ssl=1 165w" sizes="(max-width: 205px) 100vw, 205px" data-recalc-dims="1" /></figure><div class="wp-block-media-text__content">
<p>Avec le groupe scolaire Marie-Curie, ZEN 2050 Maintenant a mené le projet «&nbsp;Ces thermies qui nous échappent&nbsp;». Nous avons mis à disposition de l’équipe de sciences la caméra infra-rouge, ce qui a permis au élèves de l’ensemble des classes de premières scientifiques de travailler sur les pertes thermiques.</p>



<p>Ce fut une expérience pour les lycéens grâce à laquelle, ils sont perçus l’invisible de manière visible via la caméra. Ils ont pu prendre de la distance&nbsp;vis à vis de la perception du monde que leur donnent leurs seuls sens. Ils pourront enrichir leur appréhension de celui-ci dans le cadre du projet «&nbsp;un bilan carbone pour mon campus&nbsp;». Car nous avons pour ambition de voir établi un bilan carbone de l’établissement, ce en partenariat et l’aide des associations Avenir climatique et Educlimat.&nbsp;Accompagnées par leurs&nbsp;professeurs,&nbsp;deux classes de terminales devraient être mobilisées dès la rentrée&nbsp;prochaine.</p>
</div></div>



<div class="wp-block-media-text alignwide has-media-on-the-right is-stacked-on-mobile" style="grid-template-columns:auto 22%"><div class="wp-block-media-text__content">
<p>Avec l’EPF, dans le cadre du dispositif «&nbsp;Engagements citoyens&nbsp;» nous avons pu accueillir en stage 6 élèves (4 l’été dernier, 2 actuellement), accueil mutuellement&nbsp;fructueux.</p>



<p>Dans le cadre du projet «&nbsp;un bilan carbone pour mon campus&nbsp;», nous avons en préparation&nbsp;l’accompagnement sur un semestre de six élèves de Montpellier de septembre prochain à janvier 2023, ce afin d’établir un bilan carbone du site de Cachan et de comparer ce bilan sur des postes clés avec celui de l’ancien site de Sceaux (le déménagement d’un site aux bâtiments anciens et mal isolés, chauffés aux énergies&nbsp;fossiles, vers un site&nbsp;rénové, alimenté en chaleur géothermale ne manquera de permettre de actions de sensibilisation, de mise en avant des approches vertueuses). Il s’agira aussi de travailler sur une proposition de plan d’action de réduction des émissions de GES par l’établissement.</p>
</div><figure class="wp-block-media-text__media"><img decoding="async" width="741" height="609" src="https://i0.wp.com/zen2050.mqportails.online/wp-content/uploads/2023/01/epf.jpg?resize=741%2C609&#038;ssl=1" alt="" class="wp-image-159 size-full" srcset="https://i0.wp.com/zen2050.mqportails.online/wp-content/uploads/2023/01/epf.jpg?w=741&amp;ssl=1 741w, https://i0.wp.com/zen2050.mqportails.online/wp-content/uploads/2023/01/epf.jpg?resize=300%2C247&amp;ssl=1 300w, https://i0.wp.com/zen2050.mqportails.online/wp-content/uploads/2023/01/epf.jpg?resize=600%2C493&amp;ssl=1 600w" sizes="(max-width: 741px) 100vw, 741px" data-recalc-dims="1" /></figure></div>



<div class="wp-block-media-text alignwide is-stacked-on-mobile" style="grid-template-columns:29% auto"><figure class="wp-block-media-text__media"><img decoding="async" width="775" height="174" src="https://i0.wp.com/zen2050.mqportails.online/wp-content/uploads/2023/01/iut.jpg?resize=775%2C174&#038;ssl=1" alt="" class="wp-image-160 size-full" srcset="https://i0.wp.com/zen2050.mqportails.online/wp-content/uploads/2023/01/iut.jpg?w=775&amp;ssl=1 775w, https://i0.wp.com/zen2050.mqportails.online/wp-content/uploads/2023/01/iut.jpg?resize=300%2C67&amp;ssl=1 300w, https://i0.wp.com/zen2050.mqportails.online/wp-content/uploads/2023/01/iut.jpg?resize=768%2C172&amp;ssl=1 768w, https://i0.wp.com/zen2050.mqportails.online/wp-content/uploads/2023/01/iut.jpg?resize=600%2C135&amp;ssl=1 600w" sizes="(max-width: 775px) 100vw, 775px" data-recalc-dims="1" /></figure><div class="wp-block-media-text__content">
<p>Avec l’IUT, ZEN 2050 Maintenant a préparé l’événement «&nbsp;Bienvenue vers Net Zéro 2050 !&nbsp;». Un groupe de quatre stagiaires nous a rejoint pour faire de cette première édition un succès et qu’elle donne envie à chacun d’une deuxième édition en mai 2023.</p>



<p>Une deuxième édition encore plus riche de partages, de mise en mouvement vers la décarbonation de nos modes de vie.Avec la direction de l’établissement nous avons déjà pris langue pour une contribution de notre association, dès la rentrée&nbsp;prochaine, au dispositif interne d’éducation au développement durable des élèves.</p>
</div></div>

<p>Avec le groupe scolaire Marie-Curie, ZEN 2050 Maintenant a mené le projet «&nbsp;Ces thermies qui nous échappent&nbsp;». Nous avons mis à disposition de l’équipe de sciences la caméra infra-rouge, ce qui a permis au élèves de l’ensemble des classes de premières scientifiques de travailler sur les pertes thermiques. Ce fut une expérience pour les lycéens [&hellip;]</p>

Gâce à une caméra thermique achetée par notre association, vous pourrez visualiser les pertes thermiques des bâtiments, lors d'une balade effectuée de nuit et de préférence en hiver. Inscrivez-vous à une séance programmée et vous effectuerez une promenade dans votre quartier en enregistrant les données. Un petit rapport vous sera…

La journée du 13 Mai 2023 à Sceaux sera l'occasion pour vous de nous connaître mieux, de rencontrer de nombreuses associations partenaires et de participer aux Célèbres Fresques du Climat, du Numérique et de la Mobilité. Inscrivez-vous Zen 2050 maintenant Décarboner notre mode de vie Contribuer de manière significative à…

Notre association Zen 2050 porte actuellement plusieurs projets. La caméra thermique Sous forme de balade dans votre quartier, observez les fuites thermiques de votre logement et des autres bâtiments. Un bilan global sera présenté le 13 Mai 2023. Des pistes sur les plans d'action possibles seront débattues et proposées Le…

Le projet de géothermie Vallée Sud

"De l’eau chaude sous nos pieds…" Sous l’Île de France,LE DOGGER,Une couche de craie saturéeEN EAU CHAUDE Il suffit de creuser à 1800 m ! Il reste "sous" Bourg la reine, Fontenay aux Roses et Sceaux de la place pour déployer un réseau de chaleur géothermale Convaincre de lancer une…

Politique de confidentialité

Qui sommes-nous ? L’adresse de notre site est : https://zen2050.mqportails.online. Commentaires Quand vous laissez un commentaire sur notre site, les données inscrites dans le formulaire de commentaire, ainsi que votre adresse IP et l’agent utilisateur de votre navigateur sont collectés pour nous aider à la détection des commentaires indésirables. Une chaîne anonymisée…

Zen 2050, c'est Zéro Emmision Nette de gazs à effet se serre ne 2050. C'est un engagement de l'Union Européenne et de l'ONU. Zen2050maintenant est une association originaire du 92, précisément de la communauté d'agglomérations Vallée Sud Grand Paris. Nous défendons des projets concrets, locaux en cohérence avec les actions…
