{"id":44,"date":"2023-01-18T05:07:04","date_gmt":"2023-01-18T04:07:04","guid":{"rendered":"https:\/\/zen2050.mqportails.online\/?page_id=44"},"modified":"2023-03-16T07:44:59","modified_gmt":"2023-03-16T06:44:59","slug":"les-projets","status":"publish","type":"page","link":"https:\/\/zen2050.mqportails.online\/index.php\/les-projets\/","title":{"rendered":"Nos projets"},"content":{"rendered":"\n<p>Notre association Zen 2050 porte actuellement plusieurs projets.<\/p>\n\n\n\n<div class=\"is-layout-flex wp-container-3 wp-block-columns\">\n<div class=\"is-layout-flow wp-block-column\" style=\"flex-basis:33.33%\">\n<figure class=\"wp-block-image size-full\"><img decoding=\"async\" width=\"136\" height=\"192\" src=\"https:\/\/i0.wp.com\/zen2050.mqportails.online\/wp-content\/uploads\/2023\/02\/capt3.jpg?resize=136%2C192&#038;ssl=1\" alt=\"\" class=\"wp-image-280\" data-recalc-dims=\"1\"\/><\/figure>\n<\/div>\n\n\n\n<div class=\"is-layout-flow wp-block-column\" style=\"flex-basis:66.66%\">\n<p class=\"has-large-font-size\"><strong>La cam\u00e9ra thermique<\/strong><\/p>\n\n\n\n<p>Sous forme de balade dans votre quartier, observez les fuites thermiques de votre logement et des autres b\u00e2timents. Un bilan global sera pr\u00e9sent\u00e9 le 13 Mai 2023.<\/p>\n\n\n\n<p>Des pistes sur les plans d'action possibles seront d\u00e9battues et propos\u00e9es<\/p>\n<\/div>\n<\/div>\n\n\n\n<div class=\"is-layout-flex wp-container-6 wp-block-columns\">\n<div class=\"is-layout-flow wp-block-column\" style=\"flex-basis:33.33%\">\n<figure class=\"wp-block-image size-full is-resized\"><img decoding=\"async\" src=\"https:\/\/i0.wp.com\/zen2050.mqportails.online\/wp-content\/uploads\/2023\/02\/geothermeie1.jpg?resize=260%2C167&#038;ssl=1\" alt=\"\" class=\"wp-image-171\" width=\"260\" height=\"167\" srcset=\"https:\/\/i0.wp.com\/zen2050.mqportails.online\/wp-content\/uploads\/2023\/02\/geothermeie1.jpg?w=1000&amp;ssl=1 1000w, https:\/\/i0.wp.com\/zen2050.mqportails.online\/wp-content\/uploads\/2023\/02\/geothermeie1.jpg?resize=300%2C194&amp;ssl=1 300w, https:\/\/i0.wp.com\/zen2050.mqportails.online\/wp-content\/uploads\/2023\/02\/geothermeie1.jpg?resize=768%2C495&amp;ssl=1 768w, https:\/\/i0.wp.com\/zen2050.mqportails.online\/wp-content\/uploads\/2023\/02\/geothermeie1.jpg?resize=600%2C387&amp;ssl=1 600w\" sizes=\"(max-width: 260px) 100vw, 260px\" data-recalc-dims=\"1\" \/><\/figure>\n<\/div>\n\n\n\n<div class=\"is-layout-flow wp-block-column\" style=\"flex-basis:66.66%\">\n<p class=\"has-large-font-size\"><strong>Le projet de g\u00e9othermie Vall\u00e9e Sud<\/strong><\/p>\n\n\n\n<p>Un enjeu important en Ile de France, des <a href=\"https:\/\/zen2050.mqportails.online\/index.php\/les-projets\/le-projet-de-geothermie-vallee-sud\/\">projets<\/a> \u00e0 porter aupr\u00e8s des acteurs publics et des professionnels. Vous pouvez contribuer \u00e0 soutenir cette initiative, portant sur le p\u00e9rim\u00e8tre Fontenay, Bourg la Reine et Sceaux, notamment si avez des comp\u00e9tences sur l'immobilier, les r\u00e9seaux de chaleur.<\/p>\n<\/div>\n<\/div>\n\n\n\n<div class=\"is-layout-flex wp-container-9 wp-block-columns\">\n<div class=\"is-layout-flow wp-block-column\" style=\"flex-basis:33.33%\">\n<figure class=\"wp-block-image size-full is-resized\"><img decoding=\"async\" src=\"https:\/\/i0.wp.com\/zen2050.mqportails.online\/wp-content\/uploads\/2023\/01\/image.png?resize=258%2C172&#038;ssl=1\" alt=\"\" class=\"wp-image-154\" width=\"258\" height=\"172\" srcset=\"https:\/\/i0.wp.com\/zen2050.mqportails.online\/wp-content\/uploads\/2023\/01\/image.png?w=891&amp;ssl=1 891w, https:\/\/i0.wp.com\/zen2050.mqportails.online\/wp-content\/uploads\/2023\/01\/image.png?resize=300%2C200&amp;ssl=1 300w, https:\/\/i0.wp.com\/zen2050.mqportails.online\/wp-content\/uploads\/2023\/01\/image.png?resize=768%2C513&amp;ssl=1 768w, https:\/\/i0.wp.com\/zen2050.mqportails.online\/wp-content\/uploads\/2023\/01\/image.png?resize=600%2C401&amp;ssl=1 600w\" sizes=\"(max-width: 258px) 100vw, 258px\" data-recalc-dims=\"1\" \/><\/figure>\n<\/div>\n\n\n\n<div class=\"is-layout-flow wp-block-column\" style=\"flex-basis:66.66%\">\n<p class=\"has-large-font-size\"><strong>Les actions avec les \u00e9tablissements d'enseignement<\/strong><\/p>\n\n\n\n<ul>\n<li>Accompagner les \u00e9tablissements d'enseignement sup\u00e9rieur et les lyc\u00e9es locaux<\/li>\n\n\n\n<li>Produire des bilans carbone, d\u00e9finir des plans d'action<\/li>\n\n\n\n<li>En partenariat avec d'autres associations, un tremplin pour les \u00e9tudiants<\/li>\n<\/ul>\n<\/div>\n<\/div>\n\n\n\n<div class=\"is-layout-flex wp-container-12 wp-block-columns\">\n<div class=\"is-layout-flow wp-block-column\" style=\"flex-basis:33.33%\">\n<figure class=\"wp-block-image size-full is-resized\"><img decoding=\"async\" src=\"https:\/\/i0.wp.com\/zen2050.mqportails.online\/wp-content\/uploads\/2023\/02\/capta9.jpg?resize=258%2C135&#038;ssl=1\" alt=\"\" class=\"wp-image-293\" width=\"258\" height=\"135\" data-recalc-dims=\"1\" \/><\/figure>\n<\/div>\n\n\n\n<div class=\"is-layout-flow wp-block-column\" style=\"flex-basis:66.66%\">\n<p class=\"has-large-font-size\"><strong>La journ\u00e9e du 13 mai 2023<\/strong><\/p>\n\n\n\n<p>Apr\u00e8s le succ\u00e8s de la journ\u00e9e du 14 Mai 2022, on passe \u00e0 la vitesse sup\u00e9rieure pour le samedi 13 Mai 2023.<\/p>\n\n\n\n<ul>\n<li>Conf\u00e9rences, rencontre avec des associations et aussi<\/li>\n\n\n\n<li>Bilan des balades thermiques de cet hivers, que faire apr\u00e8s?<\/li>\n\n\n\n<li>Venez suivre les Fresques: du Climat, du Num\u00e9rique, de la Mobilit\u00e9, faites votre Bilan Carbone, apprenez \u00e0 vivre un vie sans carbone et heureuse<\/li>\n\n\n\n<li>Vous pouvez vous pr\u00e9-inscrire d\u00e8s \u00e0 pr\u00e9sent: c'est <a href=\"https:\/\/zen2050.mqportails.online\/index.php\/blog\/la-journee-du-13-mai\/\" title=\"ICI\">ICI<\/a><\/li>\n<\/ul>\n<\/div>\n<\/div>\n\n\n\n<div class=\"is-layout-flex wp-container-14 wp-block-columns\">\n<div class=\"is-layout-flow wp-block-column\" style=\"flex-basis:100%\">\n<h2><\/h2>\n<\/div>\n<\/div>\n\n\n\n<p><\/p>\n\n\n\n<p>La journ\u00e9e du 13 mai<\/p>\n","protected":false},"excerpt":{"rendered":"<p>Notre association Zen 2050 porte actuellement plusieurs projets. La cam\u00e9ra thermique Sous forme de balade dans votre quartier, observez les fuites thermiques de votre logement et des autres b\u00e2timents. Un bilan global sera pr\u00e9sent\u00e9 le 13 Mai 2023. Des pistes sur les plans d'action possibles seront d\u00e9battues et propos\u00e9es Le projet de g\u00e9othermie Vall\u00e9e Sud [&hellip;]<\/p>\n","protected":false},"author":1,"featured_media":0,"parent":0,"menu_order":2,"comment_status":"closed","ping_status":"closed","template":"","meta":[],"jetpack-related-posts":[{"id":140,"url":"https:\/\/zen2050.mqportails.online\/index.php\/les-projets\/les-balades-thermiques\/","url_meta":{"origin":44,"position":0},"title":"Les balades thermiques","date":"31\/01\/2023","format":false,"excerpt":"G\u00e2ce \u00e0 une cam\u00e9ra thermique achet\u00e9e par notre association, vous pourrez visualiser les pertes thermiques des b\u00e2timents, lors d'une balade effectu\u00e9e de nuit et de pr\u00e9f\u00e9rence en hiver. Inscrivez-vous \u00e0 une s\u00e9ance programm\u00e9e et vous effectuerez une promenade dans votre quartier en enregistrant les donn\u00e9es. Un petit rapport vous sera\u2026","rel":"","context":"Article similaire","img":{"alt_text":"","src":"https:\/\/i0.wp.com\/zen2050.mqportails.online\/wp-content\/uploads\/2023\/01\/chaleur.jpg?resize=350%2C200&ssl=1","width":350,"height":200},"classes":[]},{"id":359,"url":"https:\/\/zen2050.mqportails.online\/index.php\/espace-abonnes\/gt-balades-thermiques\/","url_meta":{"origin":44,"position":1},"title":"GT Balades thermiques","date":"27\/02\/2023","format":false,"excerpt":"Groupe \u00e0 acc\u00e8s restreint Prochaines r\u00e9unions \u00e0 compl\u00e9ter Documents Les documents finalis\u00e9s sont disponibles ici. On peut mettre beaucoup de types de docs, mais en lecture seule, exemple avec Powerpoint. Par contre, attention au volume et au temps de chargement initial. On peut aussi user et abuser des liens vers\u2026","rel":"","context":"Article similaire","img":{"alt_text":"","src":"","width":0,"height":0},"classes":[]},{"id":42,"url":"https:\/\/zen2050.mqportails.online\/index.php\/lassociation\/","url_meta":{"origin":44,"position":2},"title":"Nos actions","date":"18\/01\/2023","format":false,"excerpt":"Zen 2050, c'est Z\u00e9ro Emmision Nette de gazs \u00e0 effet se serre ne 2050. C'est un engagement de l'Union Europ\u00e9enne et de l'ONU. Zen2050maintenant est une association originaire du 92, pr\u00e9cis\u00e9ment de la communaut\u00e9 d'agglom\u00e9rations Vall\u00e9e Sud Grand Paris. Nous d\u00e9fendons des projets concrets, locaux en coh\u00e9rence avec les actions\u2026","rel":"","context":"Article similaire","img":{"alt_text":"","src":"","width":0,"height":0},"classes":[]},{"id":6,"url":"https:\/\/zen2050.mqportails.online\/","url_meta":{"origin":44,"position":3},"title":"Notre mission","date":"12\/01\/2023","format":false,"excerpt":"La journ\u00e9e du 13 Mai 2023 \u00e0 Sceaux sera l'occasion pour vous de nous conna\u00eetre mieux, de rencontrer de nombreuses associations partenaires et de participer aux C\u00e9l\u00e8bres Fresques du Climat, du Num\u00e9rique et de la Mobilit\u00e9. Inscrivez-vous Zen 2050 maintenant D\u00e9carboner notre mode de vie Contribuer de mani\u00e8re significative \u00e0\u2026","rel":"","context":"Article similaire","img":{"alt_text":"","src":"https:\/\/i0.wp.com\/zen2050.mqportails.online\/wp-content\/uploads\/2023\/02\/capt1.jpg?resize=350%2C200&ssl=1","width":350,"height":200},"classes":[]},{"id":149,"url":"https:\/\/zen2050.mqportails.online\/index.php\/les-projets\/les-partenariats-avec-lenseignement\/","url_meta":{"origin":44,"position":4},"title":"Les partenariats avec l'enseignement","date":"31\/01\/2023","format":false,"excerpt":"Avec le groupe scolaire Marie-Curie, ZEN 2050 Maintenant a men\u00e9 le projet \u00ab\u00a0Ces thermies qui nous \u00e9chappent\u00a0\u00bb. Nous avons mis \u00e0 disposition de l\u2019\u00e9quipe de sciences la cam\u00e9ra infra-rouge, ce qui a permis au \u00e9l\u00e8ves de l\u2019ensemble des classes de premi\u00e8res scientifiques de travailler sur les pertes thermiques. Ce fut\u2026","rel":"","context":"Article similaire","img":{"alt_text":"","src":"https:\/\/i0.wp.com\/zen2050.mqportails.online\/wp-content\/uploads\/2023\/01\/epf.jpg?resize=350%2C200&ssl=1","width":350,"height":200},"classes":[]},{"id":8,"url":"https:\/\/zen2050.mqportails.online\/index.php\/blog\/","url_meta":{"origin":44,"position":5},"title":"Nos \u00e9v\u00e8nements","date":"12\/01\/2023","format":false,"excerpt":"Journ\u00e9e du 13 mai L'\u00e9v\u00e8nement phare de notre premier semestre est l'organisation des journ\u00e9es de la transition et particuli\u00e8rement de la journ\u00e9e du 13 mai 2023. De nombreuses animations vous sont propos\u00e9es,l'occasion id\u00e9ale pour d\u00e9couvrir diff\u00e9rents sujets \u00e0 travers des contacts avec les associations ou les institutions pr\u00e9sentes. Et une\u2026","rel":"","context":"Article similaire","img":{"alt_text":"","src":"","width":0,"height":0},"classes":[]}],"_links":{"self":[{"href":"https:\/\/zen2050.mqportails.online\/index.php\/wp-json\/wp\/v2\/pages\/44"}],"collection":[{"href":"https:\/\/zen2050.mqportails.online\/index.php\/wp-json\/wp\/v2\/pages"}],"about":[{"href":"https:\/\/zen2050.mqportails.online\/index.php\/wp-json\/wp\/v2\/types\/page"}],"author":[{"embeddable":true,"href":"https:\/\/zen2050.mqportails.online\/index.php\/wp-json\/wp\/v2\/users\/1"}],"replies":[{"embeddable":true,"href":"https:\/\/zen2050.mqportails.online\/index.php\/wp-json\/wp\/v2\/comments?post=44"}],"version-history":[{"count":17,"href":"https:\/\/zen2050.mqportails.online\/index.php\/wp-json\/wp\/v2\/pages\/44\/revisions"}],"predecessor-version":[{"id":475,"href":"https:\/\/zen2050.mqportails.online\/index.php\/wp-json\/wp\/v2\/pages\/44\/revisions\/475"}],"wp:attachment":[{"href":"https:\/\/zen2050.mqportails.online\/index.php\/wp-json\/wp\/v2\/media?parent=44"}],"curies":[{"name":"wp","href":"https:\/\/api.w.org\/{rel}","templated":true}]}}