{"id":8,"date":"2023-01-12T07:36:41","date_gmt":"2023-01-12T06:36:41","guid":{"rendered":"https:\/\/zen2050.mqportails.online\/?page_id=8"},"modified":"2023-03-16T07:46:04","modified_gmt":"2023-03-16T06:46:04","slug":"blog","status":"publish","type":"page","link":"https:\/\/zen2050.mqportails.online\/index.php\/blog\/","title":{"rendered":"Nos \u00e9v\u00e8nements"},"content":{"rendered":"\n<h2>Journ\u00e9e du 13 mai<\/h2>\n\n\n\n<p>L'\u00e9v\u00e8nement phare de notre premier semestre est l'organisation des journ\u00e9es de la transition et particuli\u00e8rement de la journ\u00e9e du 13 mai 2023.<\/p>\n\n\n\n<p>De nombreuses animations vous sont propos\u00e9es,l'occasion id\u00e9ale pour d\u00e9couvrir diff\u00e9rents sujets \u00e0 travers des contacts avec les associations ou les institutions pr\u00e9sentes.<\/p>\n\n\n\n<p>Et une occasion unique d'essayer les Fresques du Climat, du Num\u00e9rique et de la Mobilit\u00e9. Vos avez de nombreuses tables disponibles pour vous pr\u00eater au jeu. Certes, il faut y consacrer 3 heures, mais dans une ambiance chaleureuse et constructive. Inscrivez vous-vous <a href=\"https:\/\/zen2050.mqportails.online\/index.php\/blog\/la-journee-du-13-mai\/\" target=\"_blank\" rel=\"noopener\" title=\"ICI\">ICI<\/a>.<\/p>\n\n\n\n<h2>Les balades thermiques<\/h2>\n\n\n\n<p>Cette op\u00e9ration a connu encore un grand succ\u00e8s lors de la p\u00e9riode automne-hiver. Elle s'est termin\u00e9e le 11 mars 2023, car il faut faire la balade de nuit et avec un diff\u00e9rentiel de temp\u00e9rature suffisant.<\/p>\n\n\n\n<p>Un bilan de la campagne 2022-2023 va \u00eatre bient\u00f4t disponible ici. Vous pouvez d'ores et d\u00e9j\u00e0 visionner cette pr\u00e9sentation<\/p>\n\n\n\n<p>La nouvelle campagne 2023-2024 va faire l'objet d'une communication am\u00e9lior\u00e9e. Si vous \u00eates int\u00e9ress\u00e9s par ces balades qui reprendront en octobre, vous pouvez d'ores et d\u00e9j\u00e0 vous inscrire ici pour \u00eatre inform\u00e9 de nos annonces sur le sujet et ne pas manquer une occasion qui pourrait se d\u00e9rouler dans votre commune. Et rappelons que c'est gratuit.<\/p>\n\n\n\n<div style=\"padding:50% 0 0 0;position:relative;\"><iframe src=\"https:\/\/player.vimeo.com\/video\/794486410?h=2acd2d5748&amp;badge=0&amp;autopause=0&amp;player_id=0&amp;app_id=58479\" allow=\"autoplay; mediumscreen; picture-in-picture\" allowfullscreen=\"\" style=\"position:absolute;top:0;left:0;width:80%;height:80%;\" title=\"Video-invitation-balade-60-fps.mp4\" frameborder=\"0\"><\/iframe><\/div><script src=\"https:\/\/player.vimeo.com\/api\/player.js\"><\/script>\n\n\n\n<h2>Ev\u00e8nements pass\u00e9s<\/h2>\n\n\n\n<div class=\"wp-block-media-text alignwide is-stacked-on-mobile\" style=\"grid-template-columns:27% auto\"><figure class=\"wp-block-media-text__media\"><img decoding=\"async\" width=\"267\" height=\"140\" src=\"https:\/\/i0.wp.com\/zen2050.mqportails.online\/wp-content\/uploads\/2023\/02\/capta9.jpg?resize=267%2C140&#038;ssl=1\" alt=\"\" class=\"wp-image-293 size-full\" data-recalc-dims=\"1\"\/><\/figure><div class=\"wp-block-media-text__content\">\n<p>Le 14 mai 2022, sur Sceaux, la premi\u00e8re \u00e9dition d\u2019un moment convivial et de partage sur le th\u00e8me de la d\u00e9carbonation de nos modes de vie organis\u00e9 en partenariat avec l\u2019IUT de Sceaux, une \u00e9quipe d\u2019\u00e9tudiants en projet tutor\u00e9.<\/p>\n\n\n\n<p>Plus d\u2019une vingtaine d\u2019associations pr\u00e9sentes<br>Des jeux pour comprendre, se mettre en mouvement<\/p>\n<\/div><\/div>\n\n\n\n<p><\/p>\n","protected":false},"excerpt":{"rendered":"<p>Journ\u00e9e du 13 mai L'\u00e9v\u00e8nement phare de notre premier semestre est l'organisation des journ\u00e9es de la transition et particuli\u00e8rement de la journ\u00e9e du 13 mai 2023. De nombreuses animations vous sont propos\u00e9es,l'occasion id\u00e9ale pour d\u00e9couvrir diff\u00e9rents sujets \u00e0 travers des contacts avec les associations ou les institutions pr\u00e9sentes. Et une occasion unique d'essayer les Fresques [&hellip;]<\/p>\n","protected":false},"author":1,"featured_media":0,"parent":0,"menu_order":4,"comment_status":"closed","ping_status":"closed","template":"","meta":[],"jetpack-related-posts":[{"id":196,"url":"https:\/\/zen2050.mqportails.online\/index.php\/evenements\/la-journee-du-14-mai\/","url_meta":{"origin":8,"position":0},"title":"La journ\u00e9e du 14 mai","date":"06\/02\/2023","format":false,"excerpt":"","rel":"","context":"Article similaire","img":{"alt_text":"","src":"","width":0,"height":0},"classes":[]},{"id":247,"url":"https:\/\/zen2050.mqportails.online\/index.php\/blog\/la-journee-du-13-mai\/","url_meta":{"origin":8,"position":1},"title":"La journ\u00e9e du 13 Mai","date":"14\/02\/2023","format":false,"excerpt":"Toute la journ\u00e9e \u00e0 Sceaux, rencontrez les associations, assistez \u00e0 des conf\u00e9rences, \u00e9changez. Et une bonne occasion de participer \u00e0 des ateliers ludiques. Choisissez votre atelier Su vous acceptez de vous inscrire, vous devez bien s\u00fbr donner un email et optionnellement une identit\u00e9, l'usage de ces donn\u00e9es est d\u00e9crit dans\u2026","rel":"","context":"Article similaire","img":{"alt_text":"","src":"","width":0,"height":0},"classes":[]},{"id":44,"url":"https:\/\/zen2050.mqportails.online\/index.php\/les-projets\/","url_meta":{"origin":8,"position":2},"title":"Nos projets","date":"18\/01\/2023","format":false,"excerpt":"Notre association Zen 2050 porte actuellement plusieurs projets. La cam\u00e9ra thermique Sous forme de balade dans votre quartier, observez les fuites thermiques de votre logement et des autres b\u00e2timents. Un bilan global sera pr\u00e9sent\u00e9 le 13 Mai 2023. Des pistes sur les plans d'action possibles seront d\u00e9battues et propos\u00e9es Le\u2026","rel":"","context":"Article similaire","img":{"alt_text":"","src":"https:\/\/i0.wp.com\/zen2050.mqportails.online\/wp-content\/uploads\/2023\/02\/geothermeie1.jpg?resize=350%2C200&ssl=1","width":350,"height":200},"classes":[]},{"id":42,"url":"https:\/\/zen2050.mqportails.online\/index.php\/lassociation\/","url_meta":{"origin":8,"position":3},"title":"Nos actions","date":"18\/01\/2023","format":false,"excerpt":"Zen 2050, c'est Z\u00e9ro Emmision Nette de gazs \u00e0 effet se serre ne 2050. C'est un engagement de l'Union Europ\u00e9enne et de l'ONU. Zen2050maintenant est une association originaire du 92, pr\u00e9cis\u00e9ment de la communaut\u00e9 d'agglom\u00e9rations Vall\u00e9e Sud Grand Paris. Nous d\u00e9fendons des projets concrets, locaux en coh\u00e9rence avec les actions\u2026","rel":"","context":"Article similaire","img":{"alt_text":"","src":"","width":0,"height":0},"classes":[]},{"id":6,"url":"https:\/\/zen2050.mqportails.online\/","url_meta":{"origin":8,"position":4},"title":"Notre mission","date":"12\/01\/2023","format":false,"excerpt":"La journ\u00e9e du 13 Mai 2023 \u00e0 Sceaux sera l'occasion pour vous de nous conna\u00eetre mieux, de rencontrer de nombreuses associations partenaires et de participer aux C\u00e9l\u00e8bres Fresques du Climat, du Num\u00e9rique et de la Mobilit\u00e9. Inscrivez-vous Zen 2050 maintenant D\u00e9carboner notre mode de vie Contribuer de mani\u00e8re significative \u00e0\u2026","rel":"","context":"Article similaire","img":{"alt_text":"","src":"https:\/\/i0.wp.com\/zen2050.mqportails.online\/wp-content\/uploads\/2023\/02\/capt1.jpg?resize=350%2C200&ssl=1","width":350,"height":200},"classes":[]},{"id":149,"url":"https:\/\/zen2050.mqportails.online\/index.php\/les-projets\/les-partenariats-avec-lenseignement\/","url_meta":{"origin":8,"position":5},"title":"Les partenariats avec l'enseignement","date":"31\/01\/2023","format":false,"excerpt":"Avec le groupe scolaire Marie-Curie, ZEN 2050 Maintenant a men\u00e9 le projet \u00ab\u00a0Ces thermies qui nous \u00e9chappent\u00a0\u00bb. Nous avons mis \u00e0 disposition de l\u2019\u00e9quipe de sciences la cam\u00e9ra infra-rouge, ce qui a permis au \u00e9l\u00e8ves de l\u2019ensemble des classes de premi\u00e8res scientifiques de travailler sur les pertes thermiques. Ce fut\u2026","rel":"","context":"Article similaire","img":{"alt_text":"","src":"https:\/\/i0.wp.com\/zen2050.mqportails.online\/wp-content\/uploads\/2023\/01\/epf.jpg?resize=350%2C200&ssl=1","width":350,"height":200},"classes":[]}],"_links":{"self":[{"href":"https:\/\/zen2050.mqportails.online\/index.php\/wp-json\/wp\/v2\/pages\/8"}],"collection":[{"href":"https:\/\/zen2050.mqportails.online\/index.php\/wp-json\/wp\/v2\/pages"}],"about":[{"href":"https:\/\/zen2050.mqportails.online\/index.php\/wp-json\/wp\/v2\/types\/page"}],"author":[{"embeddable":true,"href":"https:\/\/zen2050.mqportails.online\/index.php\/wp-json\/wp\/v2\/users\/1"}],"replies":[{"embeddable":true,"href":"https:\/\/zen2050.mqportails.online\/index.php\/wp-json\/wp\/v2\/comments?post=8"}],"version-history":[{"count":15,"href":"https:\/\/zen2050.mqportails.online\/index.php\/wp-json\/wp\/v2\/pages\/8\/revisions"}],"predecessor-version":[{"id":476,"href":"https:\/\/zen2050.mqportails.online\/index.php\/wp-json\/wp\/v2\/pages\/8\/revisions\/476"}],"wp:attachment":[{"href":"https:\/\/zen2050.mqportails.online\/index.php\/wp-json\/wp\/v2\/media?parent=8"}],"curies":[{"name":"wp","href":"https:\/\/api.w.org\/{rel}","templated":true}]}}

Nos évènements

<h2>Journée du 13 mai</h2>



<p>L'évènement phare de notre premier semestre est l'organisation des journées de la transition et particulièrement de la journée du 13 mai 2023.</p>



<p>De nombreuses animations vous sont proposées,l'occasion idéale pour découvrir différents sujets à travers des contacts avec les associations ou les institutions présentes.</p>



<p>Et une occasion unique d'essayer les Fresques du Climat, du Numérique et de la Mobilité. Vos avez de nombreuses tables disponibles pour vous prêter au jeu. Certes, il faut y consacrer 3 heures, mais dans une ambiance chaleureuse et constructive. Inscrivez vous-vous <a href="https://zen2050.mqportails.online/index.php/blog/la-journee-du-13-mai/" target="_blank" rel="noopener" title="ICI">ICI</a>.</p>



<h2>Les balades thermiques</h2>



<p>Cette opération a connu encore un grand succès lors de la période automne-hiver. Elle s'est terminée le 11 mars 2023, car il faut faire la balade de nuit et avec un différentiel de température suffisant.</p>



<p>Un bilan de la campagne 2022-2023 va être bientôt disponible ici. Vous pouvez d'ores et déjà visionner cette présentation</p>



<p>La nouvelle campagne 2023-2024 va faire l'objet d'une communication améliorée. Si vous êtes intéressés par ces balades qui reprendront en octobre, vous pouvez d'ores et déjà vous inscrire ici pour être informé de nos annonces sur le sujet et ne pas manquer une occasion qui pourrait se dérouler dans votre commune. Et rappelons que c'est gratuit.</p>



<div style="padding:50% 0 0 0;position:relative;"><iframe src="https://player.vimeo.com/video/794486410?h=2acd2d5748&amp;badge=0&amp;autopause=0&amp;player_id=0&amp;app_id=58479" allow="autoplay; mediumscreen; picture-in-picture" allowfullscreen="" style="position:absolute;top:0;left:0;width:80%;height:80%;" title="Video-invitation-balade-60-fps.mp4" frameborder="0"></iframe></div><script src="https://player.vimeo.com/api/player.js"></script>



<h2>Evènements passés</h2>



<div class="wp-block-media-text alignwide is-stacked-on-mobile" style="grid-template-columns:27% auto"><figure class="wp-block-media-text__media"><img decoding="async" width="267" height="140" src="https://i0.wp.com/zen2050.mqportails.online/wp-content/uploads/2023/02/capta9.jpg?resize=267%2C140&#038;ssl=1" alt="" class="wp-image-293 size-full" data-recalc-dims="1"/></figure><div class="wp-block-media-text__content">
<p>Le 14 mai 2022, sur Sceaux, la première édition d’un moment convivial et de partage sur le thème de la décarbonation de nos modes de vie organisé en partenariat avec l’IUT de Sceaux, une équipe d’étudiants en projet tutoré.</p>



<p>Plus d’une vingtaine d’associations présentes<br>Des jeux pour comprendre, se mettre en mouvement</p>
</div></div>



<p></p>

<p>Journée du 13 mai L'évènement phare de notre premier semestre est l'organisation des journées de la transition et particulièrement de la journée du 13 mai 2023. De nombreuses animations vous sont proposées,l'occasion idéale pour découvrir différents sujets à travers des contacts avec les associations ou les institutions présentes. Et une occasion unique d'essayer les Fresques [&hellip;]</p>

La journée du 14 mai

La journée du 13 Mai

Toute la journée à Sceaux, rencontrez les associations, assistez à des conférences, échangez. Et une bonne occasion de participer à des ateliers ludiques. Choisissez votre atelier Su vous acceptez de vous inscrire, vous devez bien sûr donner un email et optionnellement une identité, l'usage de ces données est décrit dans…

Notre association Zen 2050 porte actuellement plusieurs projets. La caméra thermique Sous forme de balade dans votre quartier, observez les fuites thermiques de votre logement et des autres bâtiments. Un bilan global sera présenté le 13 Mai 2023. Des pistes sur les plans d'action possibles seront débattues et proposées Le…

Zen 2050, c'est Zéro Emmision Nette de gazs à effet se serre ne 2050. C'est un engagement de l'Union Européenne et de l'ONU. Zen2050maintenant est une association originaire du 92, précisément de la communauté d'agglomérations Vallée Sud Grand Paris. Nous défendons des projets concrets, locaux en cohérence avec les actions…

La journée du 13 Mai 2023 à Sceaux sera l'occasion pour vous de nous connaître mieux, de rencontrer de nombreuses associations partenaires et de participer aux Célèbres Fresques du Climat, du Numérique et de la Mobilité. Inscrivez-vous Zen 2050 maintenant Décarboner notre mode de vie Contribuer de manière significative à…

Avec le groupe scolaire Marie-Curie, ZEN 2050 Maintenant a mené le projet « Ces thermies qui nous échappent ». Nous avons mis à disposition de l’équipe de sciences la caméra infra-rouge, ce qui a permis au élèves de l’ensemble des classes de premières scientifiques de travailler sur les pertes thermiques. Ce fut…
